reds digit of 43668077?
0
What is the hundred thousands digit of 423994196?
9
What is the hundred thousands digit of 382240741?
2
What is the hundreds digit of 649872972?
9
What is the ten thousands digit of 463696006?
9
What is the hundreds digit of 294041842?
8
What is the millions digit of 652953254?
2
What is the ten thousands digit of 1439671667?
7
What is the units digit of 9413507?
7
What is the millions digit of 42970016?
2
What is the hundreds digit of 1288833506?
5
What is the thousands digit of 88733469?
3
What is the tens digit of 109319205?
0
What is the hundred thousands digit of 581735732?
7
What is the tens digit of 173392033?
3
What is the millions digit of 2475370278?
5
What is the ten thousands digit of 432466359?
6
What is the hundred thousands digit of 112165078?
1
What is the ten thousands digit of 16969367?
6
What is the units digit of 886797959?
9
What is the units digit of 149837911?
1
What is the tens digit of 139195371?
7
What is the ten millions digit of 377564652?
7
What is the thousands digit of 1256791191?
1
What is the tens digit of 97145450?
5
What is the units digit of 6963056395?
5
What is the units digit of 40572706?
6
What is the hundred millions digit of 411007443?
4
What is the hundred thousands digit of 4303258283?
2
What is the hundreds digit of 199493360?
3
What is the hundred thousands digit of 409537793?
5
What is the thousands digit of 787281476?
1
What is the units digit of 174357959?
9
What is the hundred millions digit of 120216722?
1
What is the hundred thousands digit of 280204683?
2
What is the millions digit of 38020956?
8
What is the hundreds digit of 55458152?
1
What is the units digit of 57380690?
0
What is the ten thousands digit of 146662687?
6
What is the millions digit of 570832986?
0
What is the units digit of 374408892?
2
What is the thousands digit of 227615288?
5
What is the hundreds digit of 573482168?
1
What is the tens digit of 65271768?
6
What is the units digit of 4146734695?
5
What is the ten millions digit of 2145336146?
4
What is the millions digit of 10763935?
0
What is the hundred millions digit of 197087587?
1
What is the units digit of 41709243?
3
What is the tens digit of 889340256?
5
What is the thousands digit of 700230103?
0
What is the millions digit of 7742981306?
2
What is the ten thousands digit of 174525169?
2
What is the ten thousands digit of 29489059?
8
What is the hundred thousands digit of 2571661?
5
What is the ten thousands digit of 3682444?
8
What is the tens digit of 74636643?
4
What is the thousands digit of 576115285?
5
What is the tens digit of 103654658?
5
What is the ten thousands digit of 194741762?
4
What is the millions digit of 1646158690?
6
What is the thousands digit of 2443130664?
0
What is the units digit of 77978125?
5
What is the millions digit of 53307765?
3
What is the millions digit of 434422978?
4
What is the units digit of 265555623?
3
What is the tens digit of 3101817098?
9
What is the tens digit of 804967528?
2
What is the tens digit of 757560112?
1
What is the tens digit of 501110096?
9
What is the tens digit of 303934683?
8
What is the tens digit of 105232581?
8
What is the units digit of 302472373?
3
What is the units digit of 135734354?
4
What is the tens digit of 2619003733?
3
What is the thousands digit of 5670956393?
6
What is the hundreds digit of 39850767?
7
What is the tens digit of 5301297?
9
What is the ten millions digit of 456679765?
5
What is the ten millions digit of 61507426?
6
What is the millions digit of 13183557?
3
What is the ten millions digit of 584231024?
8
What is the thousands digit of 158232110?
2
What is the hundred thousands digit of 1427422248?
4
What is the millions digit of 3010620396?
0
What is the billions digit of 2719806418?
2
What is the units digit of 138265929?
9
What is the thousands digit of 59783457?
3
What is the hundred thousands digit of 113934286?
9
What is the units digit of 399454351?
1
What is the thousands digit of 63526016?
6
What is the hundreds digit of 5971735273?
2
What is the hundred thousands digit of 120092401?
0
What is the tens digit of 155714417?
1
What is the ten thousands digit of 1839956735?
5
What is the hundreds digit of 228752900?
9
What is the hundred thousands digit of 74064986?
0
What is the hundred thousands digit of 164362923?
3
What is the hundreds digit of 25170728?
7
What is the tens digit of 67379050?
5
What is the hundred thousands digit of 266432729?
4
What is the tens digit of 684443830?
3
What is the ten thousands digit of 121517538?
1
What is the hundred thousands digit of 371424575?
4
What is the units digit of 57165090?
0
What is the ten millions digit of 892096245?
9
What is the hundreds digit of 543232372?
3
What is the hundred millions digit of 293784719?
2
What is the millions digit of 1048812044?
8
What is the hundreds digit of 467311205?
2
What is the tens digit of 3049195096?
9
What is the units digit of 16032349?
9
What is the billions digit of 2827146868?
2
What is the hundreds digit of 766264556?
5
What is the ten millions digit of 28260639?
2
What is the tens digit of 215454522?
2
What is the millions digit of 222487203?
2
What is the thousands digit of 32405052?
5
What is the tens digit of 3630629391?
9
What is the ten thousands digit of 253442819?
4
What is the thousands digit of 130958695?
8
What is the tens digit of 10282559?
5
What is the millions digit of 6914079?
6
What is the tens digit of 1807744275?
7
What is the hundred thousands digit of 151265855?
2
What is the units digit of 107416341?
1
What is the thousands digit of 154026936?
6
What is the hundred millions digit of 1592280555?
5
What is the units digit of 22067018?
8
What is the units digit of 101865489?
9
What is the units digit of 1226764169?
9
What is the ten thousands digit of 28094877?
9
What is the thousands digit of 848408357?
8
What is the hundred millions digit of 1051398147?
0
What is the hundred thousands digit of 10219317?
2
What is the thousands digit of 17420439?
0
What is the ten millions digit of 315368478?
1
What is the ten thousands digit of 263795635?
9
What is the units digit of 3732612728?
8
What is the ten thousands digit of 6975143?
7
What is the tens digit of 772506?
0
What is the thousands digit of 576549359?
9
What is the thousands digit of 9339867?
9
What is the hundred thousands digit of 159930907?
9
What is the hundred thousands digit of 386293299?
2
What is the thousands digit of 1252525893?
5
What is the hundreds digit of 26031925?
9
What is the ten millions digit of 39489952?
3
What is the units digit of 65291184?
4
What is the tens digit of 231103210?
1
What is the hundreds digit of 57361970?
9
What is the units digit of 187772719?
9
What is the hundred thousands digit of 1649438232?
4
What is the ten thousands digit of 21850765?
5
What is the millions digit of 150403753?
0
What is the units digit of 282716715?
5
What is the hundreds digit of 152475180?
1
What is the hundred thousands digit of 319002648?
0
What is the units digit of 1730339568?
8
What is the units digit of 2492571494?
4
What is the units digit of 4494023215?
5
What is the hundred millions digit of 977880022?
9
What is the ten millions digit of 38411040?
3
What is the hundreds digit of 16654747?
7
What is the hundreds digit of 281815385?
3
What is the units digit of 640624873?
3
What is the hundred millions digit of 177295860?
1
What is the millions digit of 449128613?
9
What is the billions digit of 3431303012?
3
What is the hundred thousands digit of 427485251?
4
What is the ten millions digit of 40944085?
4
What is the ten millions digit of 688725892?
8
What is the ten millions digit of 27190485?
2
What is the units digit of 24796877?
7
What is the hundred millions digit of 359247484?
3
What is the tens digit of 47975381?
8
What is the hundred thousands digit of 1015716791?
7
What is the hundreds digit of 1847655307?
3
What is the thousands digit of 1109513375?
3
What is the ten thousands digit of 584223441?
2
What is the ten millions digit of 24986343?
2
What is the ten thousands digit of 678173061?
7
What is the ten thousands digit of 613952283?
5
What is the ten millions digit of 157428470?
5
What is the hundreds digit of 1568675591?
5
What is the ten millions d